ommon divisor of 810 and 30?
30
Calculate the highest common factor of 2608 and 16.
16
What is the highest common divisor of 22 and 407?
11
Calculate the highest common divisor of 22728 and 24.
24
Calculate the greatest common factor of 740 and 20.
20
Calculate the highest common factor of 152 and 209.
19
What is the highest common divisor of 418 and 38?
38
Calculate the greatest common factor of 120 and 216.
24
What is the greatest common divisor of 6 and 150?
6
What is the highest common divisor of 224 and 144?
16
Calculate the highest common divisor of 17 and 833.
17
Calculate the greatest common factor of 198 and 1242.
18
What is the highest common factor of 50895 and 15?
15
What is the greatest common factor of 7 and 371?
7
What is the greatest common divisor of 451 and 246?
41
Calculate the greatest common factor of 6 and 4362.
6
Calculate the greatest common divisor of 24 and 336.
24
Calculate the greatest common divisor of 70 and 2590.
70
Calculate the highest common divisor of 4 and 832.
4
Calculate the highest common factor of 330 and 396.
66
Calculate the greatest common divisor of 200 and 125.
25
What is the greatest common divisor of 11356 and 68?
68
Calculate the greatest common divisor of 44 and 352.
44
What is the highest common factor of 206 and 1133?
103
What is the greatest common factor of 352 and 1298?
22
What is the highest common factor of 873 and 27?
9
What is the highest common divisor of 43 and 3397?
43
Calculate the greatest common divisor of 9 and 7083.
9
What is the greatest common factor of 128 and 4?
4
Calculate the greatest common factor of 441 and 84.
21
Calculate the highest common divisor of 4 and 15044.
4
What is the greatest common factor of 54 and 6?
6
Calculate the greatest common factor of 33 and 23991.
33
Calculate the highest common divisor of 621 and 297.
27
Calculate the greatest common factor of 91 and 1729.
91
What is the greatest common factor of 16 and 4840?
8
What is the greatest common factor of 468 and 1008?
36
Calculate the greatest common divisor of 284 and 22.
2
What is the highest common factor of 11 and 167?
1
What is the greatest common factor of 121 and 55?
11
What is the highest common factor of 4085 and 133?
19
Calculate the greatest common factor of 99 and 77.
11
What is the highest common divisor of 81 and 13?
1
Calculate the highest common divisor of 75 and 1020.
15
What is the highest common divisor of 361 and 25631?
361
What is the highest common factor of 780 and 52?
52
What is the highest common divisor of 4 and 652?
4
What is the highest common divisor of 39 and 195?
39
What is the highest common divisor of 500 and 260?
20
What is the greatest common divisor of 13794 and 399?
57
Calculate the highest common divisor of 124 and 1426.
62
Calculate the greatest common factor of 334 and 8.
2
What is the highest common divisor of 28 and 3087?
7
Calculate the greatest common divisor of 14 and 1673.
7
What is the highest common divisor of 1976 and 1066?
26
Calculate the highest common divisor of 15 and 885.
15
What is the highest common divisor of 164 and 4?
4
Calculate the greatest common divisor of 12 and 3.
3
Calculate the highest common factor of 117 and 9.
9
Calculate the highest common factor of 5516 and 28.
28
Calculate the highest common divisor of 2145 and 286.
143
Calculate the greatest common divisor of 74 and 148.
74
Calculate the highest common factor of 357 and 15.
3
Calculate the highest common factor of 418 and 38.
38
Calculate the highest common factor of 182 and 42.
14
Calculate the greatest common factor of 78 and 6.
6
Calculate the highest common factor of 312 and 984.
24
What is the highest common factor of 15 and 156?
3
What is the greatest common factor of 34 and 68?
34
What is the highest common factor of 258 and 14362?
86
What is the highest common factor of 1106 and 658?
14
What is the highest common divisor of 23 and 161?
23
What is the greatest common divisor of 21 and 77?
7
What is the highest common divisor of 675 and 54?
27
What is the greatest common factor of 11 and 33?
11
Calculate the highest common divisor of 3564 and 9.
9
Calculate the greatest common factor of 5 and 1015.
5
Calculate the highest common divisor of 6954 and 4758.
366
Calculate the greatest common factor of 120 and 3.
3
What is the highest common divisor of 3480 and 2958?
174
Calculate the highest common factor of 35 and 175.
35
What is the highest common factor of 11 and 14?
1
What is the highest common factor of 5450 and 950?
50
What is the highest common divisor of 2596 and 352?
44
What is the highest common factor of 2 and 46?
2
What is the highest common divisor of 192 and 6848?
64
What is the greatest common factor of 1020 and 6?
6
Calculate the greatest common divisor of 1464 and 305.
61
Calculate the greatest common factor of 24 and 32.
8
Calculate the greatest common divisor of 110 and 1441.
11
What is the greatest common divisor of 14 and 5418?
14
Calculate the greatest common divisor of 9894 and 388.
194
Calculate the greatest common factor of 4535 and 15.
5
What is the greatest common factor of 1501 and 19?
19
What is the greatest common factor of 1343 and 17?
17
What is the highest common factor of 61 and 1?
1
What is the greatest common divisor of 204 and 156?
12
What is the greatest common divisor of 30 and 570?
30
What is the greatest common factor of 84 and 56?
28
Calculate the greatest common factor of 64 and 3.
1
Calculate the highest common factor of 1898 and 286.
26
What is the greatest common divisor of 112 and 8?
8
What is the greatest common factor of 12 and 12?
12
What is the highest common factor of 12 and 165?
3
Calculate the highest common divisor of 2 and 197.
1
What is the greatest common divisor of 116 and 290?
58
Calculate the greatest common divisor of 184 and 5474.
46
Calculate the greatest common divisor of 165 and 935.
55
What is the greatest common divisor of 178 and 8?
2
Calculate the greatest common factor of 891 and 363.
33
What is the greatest common divisor of 93 and 3813?
93
Calculate the highest common divisor of 36 and 2628.
36
Calculate the greatest common divisor of 15 and 6315.
15
Calculate the highest common factor of 2315 and 5.
5
Calculate the greatest common divisor of 70 and 98.
14
Calculate the greatest common divisor of 2052 and 1140.
228
What is the greatest common divisor of 135 and 25?
5
Calculate the greatest common divisor of 1944 and 160.
8
What is the highest common divisor of 76 and 19?
19
Calculate the greatest common divisor of 153 and 9.
9
What is the greatest common divisor of 580 and 220?
20
What is the greatest common divisor of 2522 and 582?
194
What is the greatest common factor of 23 and 46?
23
What is the greatest common factor of 10 and 2615?
5
What is the highest common divisor of 602 and 322?
14
Calculate the greatest common factor of 6830 and 10.
10
Calculate the highest common divisor of 22 and 3509.
11
What is the greatest common factor of 54 and 189?
27
What is the highest common divisor of 34 and 62441?
17
Calculate the greatest common divisor of 9342 and 63.
9
What is the highest common divisor of 28 and 16?
4
Calculate the highest common factor of 158 and 7742.
158
What is the highest common divisor of 117 and 6383?
13
Calculate the greatest common factor of 3096 and 1152.
72
What is the greatest common factor of 76 and 950?
38
Calculate the highest common divisor of 92 and 1794.
46
What is the greatest common factor of 264 and 99?
33
Calculate the greatest common divisor of 135 and 81.
27
What is the greatest common factor of 21 and 3?
3
What is the greatest common factor of 286 and 26?
26
What is the greatest common divisor of 3476 and 22?
22
Calculate the highest common divisor of 288 and 306.
18
Calculate the highest common factor of 12 and 372.
12
What is the highest common factor of 16113 and 41?
41
What is the greatest common factor of 28 and 224?
28
What is the greatest common divisor of 4 and 131?
1
What is the greatest common divisor of 70 and 70?
70
Calculate the highest common factor of 576 and 48.
48
What is the highest common divisor of 45 and 117?
9
What is the highest common factor of 78 and 21099?
39
What is the highest common factor of 99 and 10791?
99
Calculate the highest commo